{"id":90,"date":"2025-09-24T17:13:10","date_gmt":"2025-09-24T17:13:10","guid":{"rendered":"https:\/\/40707144.servicio-online.net\/wordpress_a\/?page_id=90"},"modified":"2025-09-24T17:23:16","modified_gmt":"2025-09-24T17:23:16","slug":"sobre-nosotros","status":"publish","type":"page","link":"https:\/\/xn--artesaniassanjosflamencas-qic.es\/index.php\/sobre-nosotros\/","title":{"rendered":"Sobre Nosotros"},"content":{"rendered":"<p>[et_pb_section fb_built=\u00bb1&#8243; admin_label=\u00bbHeader\u00bb _builder_version=\u00bb4.25.1&#8243; _module_preset=\u00bbdefault\u00bb background_color=\u00bbgcid-695690f7-1400-435d-ab5d-81e5d8a43692&#8243; overflow-x=\u00bbhidden\u00bb overflow-y=\u00bbhidden\u00bb locked=\u00bboff\u00bb collapsed=\u00bbon\u00bb global_colors_info=\u00bb{%22gcid-695690f7-1400-435d-ab5d-81e5d8a43692%22:%91%22background_color%22%93}\u00bb theme_builder_area=\u00bbpost_content\u00bb][et_pb_row _builder_version=\u00bb4.25.1&#8243; _module_preset=\u00bbdefault\u00bb global_colors_info=\u00bb{}\u00bb theme_builder_area=\u00bbpost_content\u00bb][et_pb_column type=\u00bb4_4&#8243; _builder_version=\u00bb4.25.1&#8243; _module_preset=\u00bbdefault\u00bb global_colors_info=\u00bb{}\u00bb theme_builder_area=\u00bbpost_content\u00bb][et_pb_heading title=\u00bbSobre Nosotros\u00bb _builder_version=\u00bb4.25.1&#8243; _module_preset=\u00bb1dee624c-186d-41f3-94aa-0ce49a581496&#8243; title_text_align=\u00bbcenter\u00bb global_colors_info=\u00bb{}\u00bb theme_builder_area=\u00bbpost_content\u00bb][\/et_pb_heading][\/et_pb_column][\/et_pb_row][et_pb_row column_structure=\u00bb1_2,1_2&#8243; _builder_version=\u00bb4.25.1&#8243; _module_preset=\u00bbdefault\u00bb custom_padding=\u00bb200px||||false|false\u00bb global_colors_info=\u00bb{}\u00bb theme_builder_area=\u00bbpost_content\u00bb][et_pb_column type=\u00bb1_2&#8243; _builder_version=\u00bb4.25.1&#8243; _module_preset=\u00bbdefault\u00bb background_color=\u00bb#FFFFFF\u00bb z_index=\u00bb10&#8243; custom_padding=\u00bb10%|5%|10%|5%|true|true\u00bb custom_padding_tablet=\u00bb0%||0%||true|false\u00bb custom_padding_phone=\u00bb0%||0%||true|false\u00bb custom_padding_last_edited=\u00bbon|desktop\u00bb box_shadow_style=\u00bbpreset4&#8243; box_shadow_horizontal=\u00bb-200px\u00bb box_shadow_vertical=\u00bb-90px\u00bb box_shadow_color=\u00bbgcid-49867634-93e9-4875-ba57-768929494fb1&#8243; global_colors_info=\u00bb{%22gcid-672c49ec-b8cc-4f22-a785-dec4ee1498c5%22:%91%22button_text_color%22,%22button_border_color%22,%22button_bg_color__hover%22,%22link_text_color%22,%22quote_text_color%22,%22quote_border_color%22,%22link_text_color%22,%22quote_text_color%22,%22quote_border_color%22%93,%22gcid-heading-color%22:%91%22body_text_color%22%93,%22gcid-0ec00ca9-ec06-4784-a057-5ece2d56f250%22:%91%22header_text_color%22%93,%22gcid-49867634-93e9-4875-ba57-768929494fb1%22:%91%22box_shadow_color%22%93}\u00bb theme_builder_area=\u00bbpost_content\u00bb][et_pb_heading title=\u00bbqui\u00e9nes somos\u00bb _builder_version=\u00bb4.27.4&#8243; _module_preset=\u00bb169b3903-3ef3-4d0e-bfc2-ce2b7b873604&#8243; title_text_color=\u00bbgcid-672c49ec-b8cc-4f22-a785-dec4ee1498c5&#8243; hover_enabled=\u00bb0&#8243; global_colors_info=\u00bb{%22gcid-672c49ec-b8cc-4f22-a785-dec4ee1498c5%22:%91%22title_text_color%22%93}\u00bb theme_builder_area=\u00bbpost_content\u00bb sticky_enabled=\u00bb0&#8243;][\/et_pb_heading][et_pb_heading title=\u00bbArtesan\u00edas San Jos\u00e9 Flamencas\u00bb _builder_version=\u00bb4.25.1&#8243; _module_preset=\u00bbc3796ab1-e6a7-49d6-8a4a-929013329cc3&#8243; global_colors_info=\u00bb{}\u00bb theme_builder_area=\u00bbpost_content\u00bb][\/et_pb_heading][et_pb_divider color=\u00bbgcid-49867634-93e9-4875-ba57-768929494fb1&#8243; _builder_version=\u00bb4.25.1&#8243; _module_preset=\u00bbdefault\u00bb height=\u00bb1px\u00bb global_colors_info=\u00bb{%22gcid-49867634-93e9-4875-ba57-768929494fb1%22:%91%22color%22%93}\u00bb theme_builder_area=\u00bbpost_content\u00bb][\/et_pb_divider][et_pb_text _builder_version=\u00bb4.25.1&#8243; _module_preset=\u00bb4a140dbc-545d-4d51-bee6-8870cecfbca1&#8243; global_colors_info=\u00bb{}\u00bb theme_builder_area=\u00bbpost_content\u00bb]<\/p>\n<p>De los talleres a las ferias, nuestra costura artesanal invita a cada persona a mostrar su esencia con elegancia y autenticidad<\/p>\n<p>[\/et_pb_text][et_pb_button button_text=\u00bbVen a vernos\u00bb _builder_version=\u00bb4.27.4&#8243; _module_preset=\u00bb85c1362f-97e8-4808-b9bd-7883694720bb\u00bb hover_enabled=\u00bb0&#8243; locked=\u00bboff\u00bb global_colors_info=\u00bb{}\u00bb theme_builder_area=\u00bbpost_content\u00bb sticky_enabled=\u00bb0&#8243; button_url=\u00bbhttps:\/\/maps.app.goo.gl\/xwvPGb1mGq53hx328&#8243; url_new_window=\u00bbon\u00bb][\/et_pb_button][\/et_pb_column][et_pb_column type=\u00bb1_2&#8243; _builder_version=\u00bb4.25.1&#8243; _module_preset=\u00bbdefault\u00bb global_colors_info=\u00bb{}\u00bb theme_builder_area=\u00bbpost_content\u00bb][et_pb_image src=\u00bbhttps:\/\/xn--artesaniassanjosflamencas-qic.es\/wp-content\/uploads\/2025\/09\/bailaora-de-flamenco-apasionada-y-elegante-4-scaled.jpg\u00bb title_text=\u00bbbailaora-de-flamenco-apasionada-y-elegante\u00bb _builder_version=\u00bb4.27.4&#8243; _module_preset=\u00bbdefault\u00bb custom_margin=\u00bb-200px|||-25%|false|false\u00bb animation_style=\u00bbfade\u00bb animation_duration=\u00bb500ms\u00bb hover_enabled=\u00bb0&#8243; locked=\u00bboff\u00bb global_colors_info=\u00bb{}\u00bb theme_builder_area=\u00bbpost_content\u00bb sticky_enabled=\u00bb0&#8243;][\/et_pb_image][\/et_pb_column][\/et_pb_row][\/et_pb_section][et_pb_section fb_built=\u00bb1&#8243; _builder_version=\u00bb4.25.1&#8243; _module_preset=\u00bbdefault\u00bb background_color=\u00bbgcid-695690f7-1400-435d-ab5d-81e5d8a43692&#8243; overflow-x=\u00bbhidden\u00bb overflow-y=\u00bbhidden\u00bb global_colors_info=\u00bb{%22gcid-695690f7-1400-435d-ab5d-81e5d8a43692%22:%91%22background_color%22%93}\u00bb theme_builder_area=\u00bbpost_content\u00bb][et_pb_row column_structure=\u00bb1_2,1_2&#8243; _builder_version=\u00bb4.25.1&#8243; _module_preset=\u00bbdefault\u00bb global_colors_info=\u00bb{}\u00bb theme_builder_area=\u00bbpost_content\u00bb][et_pb_column type=\u00bb1_2&#8243; _builder_version=\u00bb4.25.1&#8243; _module_preset=\u00bbdefault\u00bb global_colors_info=\u00bb{}\u00bb theme_builder_area=\u00bbpost_content\u00bb][et_pb_text _builder_version=\u00bb4.25.1&#8243; _module_preset=\u00bb4a140dbc-545d-4d51-bee6-8870cecfbca1&#8243; locked=\u00bboff\u00bb global_colors_info=\u00bb{}\u00bb theme_builder_area=\u00bbpost_content\u00bb]<\/p>\n<p>Cada prenda cuenta una historia \u00fanica, cosida con dedicaci\u00f3n y respeto por la tradici\u00f3n. La confecci\u00f3n a medida nos permite cuidar cada detalle, desde el primer boceto hasta la \u00faltima puntada. Nuestro taller es un espacio donde el arte y la moda se encuentran, dando vida a vestidos flamencos, bordados delicados y trajes que realzan la personalidad de quien los viste. Con pasi\u00f3n y experiencia, transformamos ideas en piezas que transmiten belleza, identidad y emoci\u00f3n.<\/p>\n<p>[\/et_pb_text][\/et_pb_column][et_pb_column type=\u00bb1_2&#8243; _builder_version=\u00bb4.25.1&#8243; _module_preset=\u00bbdefault\u00bb global_colors_info=\u00bb{}\u00bb theme_builder_area=\u00bbpost_content\u00bb][et_pb_text _builder_version=\u00bb4.25.1&#8243; _module_preset=\u00bb4a140dbc-545d-4d51-bee6-8870cecfbca1&#8243; locked=\u00bboff\u00bb global_colors_info=\u00bb{}\u00bb theme_builder_area=\u00bbpost_content\u00bb]<\/p>\n<p>Nuestra propuesta va m\u00e1s all\u00e1 de la moda: creamos experiencias a trav\u00e9s de la costura. Atendemos desde ajustes sencillos hasta transformaciones completas, siempre con la misma entrega. Trabajamos para mujeres, hombres y ni\u00f1as que desean prendas exclusivas, adaptadas a su estilo y ocasi\u00f3n. Cada cliente recibe atenci\u00f3n personalizada, porque creemos que la verdadera elegancia est\u00e1 en sentirse c\u00f3modo y seguro con lo que se lleva. Esa es nuestra mayor inspiraci\u00f3n.<\/p>\n<p>[\/et_pb_text][\/et_pb_column][\/et_pb_row][\/et_pb_section][et_pb_section fb_built=\u00bb1&#8243; admin_label=\u00bbVideo\u00bb _builder_version=\u00bb4.25.1&#8243; _module_preset=\u00bbdefault\u00bb background_color=\u00bbgcid-695690f7-1400-435d-ab5d-81e5d8a43692&#8243; collapsed=\u00bbon\u00bb global_colors_info=\u00bb{%22gcid-695690f7-1400-435d-ab5d-81e5d8a43692%22:%91%22background_color%22%93}\u00bb theme_builder_area=\u00bbpost_content\u00bb][et_pb_row _builder_version=\u00bb4.25.1&#8243; _module_preset=\u00bbdefault\u00bb locked=\u00bboff\u00bb global_colors_info=\u00bb{}\u00bb theme_builder_area=\u00bbpost_content\u00bb][et_pb_column type=\u00bb4_4&#8243; _builder_version=\u00bb4.25.1&#8243; _module_preset=\u00bbdefault\u00bb global_colors_info=\u00bb{}\u00bb theme_builder_area=\u00bbpost_content\u00bb][et_pb_video src=\u00bbhttps:\/\/xn--artesaniassanjosflamencas-qic.es\/wp-content\/uploads\/2025\/09\/6036226_Woman_Person_3840x2160.mp4&#8243; image_src=\u00bbhttps:\/\/xn--artesaniassanjosflamencas-qic.es\/wp-content\/uploads\/2025\/09\/Captura-de-pantalla-2025-09-24-192135.png\u00bb _builder_version=\u00bb4.27.4&#8243; _module_preset=\u00bbdefault\u00bb hover_enabled=\u00bb0&#8243; global_colors_info=\u00bb{}\u00bb theme_builder_area=\u00bbpost_content\u00bb title_text=\u00bbCaptura de pantalla 2025-09-24 192135&#8243; sticky_enabled=\u00bb0&#8243;][\/et_pb_video][et_pb_heading title=\u00bb%22La moda flamenca es m\u00e1s que vestuario: es sentimiento, arte y cultura. Nuestro compromiso es vestir tus momentos m\u00e1s especiales con piezas \u00fanicas y memorables.%22&#8243; _builder_version=\u00bb4.25.1&#8243; _module_preset=\u00bb862ef207-617a-4edb-b9e1-5462a7cfd864&#8243; title_font=\u00bbCormorant Garamond|500|on||||||\u00bb custom_margin=\u00bb||10px||false|false\u00bb locked=\u00bboff\u00bb global_colors_info=\u00bb{}\u00bb theme_builder_area=\u00bbpost_content\u00bb][\/et_pb_heading][\/et_pb_column][\/et_pb_row][\/et_pb_section]<\/p>\n","protected":false},"excerpt":{"rendered":"<p>De los talleres a las ferias, nuestra costura artesanal invita a cada persona a mostrar su esencia con elegancia y autenticidadCada prenda cuenta una historia \u00fanica, cosida con dedicaci\u00f3n y respeto por la tradici\u00f3n. La confecci\u00f3n a medida nos permite cuidar cada detalle, desde el primer boceto hasta la \u00faltima puntada. Nuestro taller es un [&hellip;]<\/p>\n","protected":false},"author":1,"featured_media":0,"parent":0,"menu_order":0,"comment_status":"closed","ping_status":"closed","template":"","meta":{"_et_pb_use_builder":"on","_et_pb_old_content":"","_et_gb_content_width":"","footnotes":""},"class_list":["post-90","page","type-page","status-publish","hentry"],"_links":{"self":[{"href":"https:\/\/xn--artesaniassanjosflamencas-qic.es\/index.php\/wp-json\/wp\/v2\/pages\/90","targetHints":{"allow":["GET"]}}],"collection":[{"href":"https:\/\/xn--artesaniassanjosflamencas-qic.es\/index.php\/wp-json\/wp\/v2\/pages"}],"about":[{"href":"https:\/\/xn--artesaniassanjosflamencas-qic.es\/index.php\/wp-json\/wp\/v2\/types\/page"}],"author":[{"embeddable":true,"href":"https:\/\/xn--artesaniassanjosflamencas-qic.es\/index.php\/wp-json\/wp\/v2\/users\/1"}],"replies":[{"embeddable":true,"href":"https:\/\/xn--artesaniassanjosflamencas-qic.es\/index.php\/wp-json\/wp\/v2\/comments?post=90"}],"version-history":[{"count":7,"href":"https:\/\/xn--artesaniassanjosflamencas-qic.es\/index.php\/wp-json\/wp\/v2\/pages\/90\/revisions"}],"predecessor-version":[{"id":104,"href":"https:\/\/xn--artesaniassanjosflamencas-qic.es\/index.php\/wp-json\/wp\/v2\/pages\/90\/revisions\/104"}],"wp:attachment":[{"href":"https:\/\/xn--artesaniassanjosflamencas-qic.es\/index.php\/wp-json\/wp\/v2\/media?parent=90"}],"curies":[{"name":"wp","href":"https:\/\/api.w.org\/{rel}","templated":true}]}}

<p>[et_pb_section fb_built=»1&#8243; admin_label=»Header» _builder_version=»4.25.1&#8243; _module_preset=»default» background_color=»gcid-695690f7-1400-435d-ab5d-81e5d8a43692&#8243; overflow-x=»hidden» overflow-y=»hidden» locked=»off» collapsed=»on» global_colors_info=»{%22gcid-695690f7-1400-435d-ab5d-81e5d8a43692%22:%91%22background_color%22%93}» theme_builder_area=»post_content»][et_pb_row _builder_version=»4.25.1&#8243; _module_preset=»default» global_colors_info=»{}» theme_builder_area=»post_content»][et_pb_column type=»4_4&#8243; _builder_version=»4.25.1&#8243; _module_preset=»default» global_colors_info=»{}» theme_builder_area=»post_content»][et_pb_heading title=»Sobre Nosotros» _builder_version=»4.25.1&#8243; _module_preset=»1dee624c-186d-41f3-94aa-0ce49a581496&#8243; title_text_align=»center» global_colors_info=»{}» theme_builder_area=»post_content»][/et_pb_heading][/et_pb_column][/et_pb_row][et_pb_row column_structure=»1_2,1_2&#8243; _builder_version=»4.25.1&#8243; _module_preset=»default» custom_padding=»200px||||false|false» global_colors_info=»{}» theme_builder_area=»post_content»][et_pb_column type=»1_2&#8243; _builder_version=»4.25.1&#8243; _module_preset=»default» background_color=»#FFFFFF» z_index=»10&#8243; custom_padding=»10%|5%|10%|5%|true|true» custom_padding_tablet=»0%||0%||true|false» custom_padding_phone=»0%||0%||true|false» custom_padding_last_edited=»on|desktop» box_shadow_style=»preset4&#8243; box_shadow_horizontal=»-200px» box_shadow_vertical=»-90px» box_shadow_color=»gcid-49867634-93e9-4875-ba57-768929494fb1&#8243; global_colors_info=»{%22gcid-672c49ec-b8cc-4f22-a785-dec4ee1498c5%22:%91%22button_text_color%22,%22button_border_color%22,%22button_bg_color__hover%22,%22link_text_color%22,%22quote_text_color%22,%22quote_border_color%22,%22link_text_color%22,%22quote_text_color%22,%22quote_border_color%22%93,%22gcid-heading-color%22:%91%22body_text_color%22%93,%22gcid-0ec00ca9-ec06-4784-a057-5ece2d56f250%22:%91%22header_text_color%22%93,%22gcid-49867634-93e9-4875-ba57-768929494fb1%22:%91%22box_shadow_color%22%93}» theme_builder_area=»post_content»][et_pb_heading title=»quiénes somos» _builder_version=»4.27.4&#8243; _module_preset=»169b3903-3ef3-4d0e-bfc2-ce2b7b873604&#8243; title_text_color=»gcid-672c49ec-b8cc-4f22-a785-dec4ee1498c5&#8243; hover_enabled=»0&#8243; global_colors_info=»{%22gcid-672c49ec-b8cc-4f22-a785-dec4ee1498c5%22:%91%22title_text_color%22%93}» theme_builder_area=»post_content» sticky_enabled=»0&#8243;][/et_pb_heading][et_pb_heading title=»Artesanías San José Flamencas» _builder_version=»4.25.1&#8243; _module_preset=»c3796ab1-e6a7-49d6-8a4a-929013329cc3&#8243; global_colors_info=»{}» theme_builder_area=»post_content»][/et_pb_heading][et_pb_divider color=»gcid-49867634-93e9-4875-ba57-768929494fb1&#8243; _builder_version=»4.25.1&#8243; _module_preset=»default» height=»1px» global_colors_info=»{%22gcid-49867634-93e9-4875-ba57-768929494fb1%22:%91%22color%22%93}» theme_builder_area=»post_content»][/et_pb_divider][et_pb_text _builder_version=»4.25.1&#8243; _module_preset=»4a140dbc-545d-4d51-bee6-8870cecfbca1&#8243; global_colors_info=»{}» theme_builder_area=»post_content»]</p>
<p>De los talleres a las ferias, nuestra costura artesanal invita a cada persona a mostrar su esencia con elegancia y autenticidad</p>
<p>[/et_pb_text][et_pb_button button_text=»Ven a vernos» _builder_version=»4.27.4&#8243; _module_preset=»85c1362f-97e8-4808-b9bd-7883694720bb» hover_enabled=»0&#8243; locked=»off» global_colors_info=»{}» theme_builder_area=»post_content» sticky_enabled=»0&#8243; button_url=»https://maps.app.goo.gl/xwvPGb1mGq53hx328&#8243; url_new_window=»on»][/et_pb_button][/et_pb_column][et_pb_column type=»1_2&#8243; _builder_version=»4.25.1&#8243; _module_preset=»default» global_colors_info=»{}» theme_builder_area=»post_content»][et_pb_image src=»https://xn--artesaniassanjosflamencas-qic.es/wp-content/uploads/2025/09/bailaora-de-flamenco-apasionada-y-elegante-4-scaled.jpg» title_text=»bailaora-de-flamenco-apasionada-y-elegante» _builder_version=»4.27.4&#8243; _module_preset=»default» custom_margin=»-200px|||-25%|false|false» animation_style=»fade» animation_duration=»500ms» hover_enabled=»0&#8243; locked=»off» global_colors_info=»{}» theme_builder_area=»post_content» sticky_enabled=»0&#8243;][/et_pb_image][/et_pb_column][/et_pb_row][/et_pb_section][et_pb_section fb_built=»1&#8243; _builder_version=»4.25.1&#8243; _module_preset=»default» background_color=»gcid-695690f7-1400-435d-ab5d-81e5d8a43692&#8243; overflow-x=»hidden» overflow-y=»hidden» global_colors_info=»{%22gcid-695690f7-1400-435d-ab5d-81e5d8a43692%22:%91%22background_color%22%93}» theme_builder_area=»post_content»][et_pb_row column_structure=»1_2,1_2&#8243; _builder_version=»4.25.1&#8243; _module_preset=»default» global_colors_info=»{}» theme_builder_area=»post_content»][et_pb_column type=»1_2&#8243; _builder_version=»4.25.1&#8243; _module_preset=»default» global_colors_info=»{}» theme_builder_area=»post_content»][et_pb_text _builder_version=»4.25.1&#8243; _module_preset=»4a140dbc-545d-4d51-bee6-8870cecfbca1&#8243; locked=»off» global_colors_info=»{}» theme_builder_area=»post_content»]</p>
<p>Cada prenda cuenta una historia única, cosida con dedicación y respeto por la tradición. La confección a medida nos permite cuidar cada detalle, desde el primer boceto hasta la última puntada. Nuestro taller es un espacio donde el arte y la moda se encuentran, dando vida a vestidos flamencos, bordados delicados y trajes que realzan la personalidad de quien los viste. Con pasión y experiencia, transformamos ideas en piezas que transmiten belleza, identidad y emoción.</p>
<p>[/et_pb_text][/et_pb_column][et_pb_column type=»1_2&#8243; _builder_version=»4.25.1&#8243; _module_preset=»default» global_colors_info=»{}» theme_builder_area=»post_content»][et_pb_text _builder_version=»4.25.1&#8243; _module_preset=»4a140dbc-545d-4d51-bee6-8870cecfbca1&#8243; locked=»off» global_colors_info=»{}» theme_builder_area=»post_content»]</p>
<p>Nuestra propuesta va más allá de la moda: creamos experiencias a través de la costura. Atendemos desde ajustes sencillos hasta transformaciones completas, siempre con la misma entrega. Trabajamos para mujeres, hombres y niñas que desean prendas exclusivas, adaptadas a su estilo y ocasión. Cada cliente recibe atención personalizada, porque creemos que la verdadera elegancia está en sentirse cómodo y seguro con lo que se lleva. Esa es nuestra mayor inspiración.</p>
<p>[/et_pb_text][/et_pb_column][/et_pb_row][/et_pb_section][et_pb_section fb_built=»1&#8243; admin_label=»Video» _builder_version=»4.25.1&#8243; _module_preset=»default» background_color=»gcid-695690f7-1400-435d-ab5d-81e5d8a43692&#8243; collapsed=»on» global_colors_info=»{%22gcid-695690f7-1400-435d-ab5d-81e5d8a43692%22:%91%22background_color%22%93}» theme_builder_area=»post_content»][et_pb_row _builder_version=»4.25.1&#8243; _module_preset=»default» locked=»off» global_colors_info=»{}» theme_builder_area=»post_content»][et_pb_column type=»4_4&#8243; _builder_version=»4.25.1&#8243; _module_preset=»default» global_colors_info=»{}» theme_builder_area=»post_content»][et_pb_video src=»https://xn--artesaniassanjosflamencas-qic.es/wp-content/uploads/2025/09/6036226_Woman_Person_3840x2160.mp4&#8243; image_src=»https://xn--artesaniassanjosflamencas-qic.es/wp-content/uploads/2025/09/Captura-de-pantalla-2025-09-24-192135.png» _builder_version=»4.27.4&#8243; _module_preset=»default» hover_enabled=»0&#8243; global_colors_info=»{}» theme_builder_area=»post_content» title_text=»Captura de pantalla 2025-09-24 192135&#8243; sticky_enabled=»0&#8243;][/et_pb_video][et_pb_heading title=»%22La moda flamenca es más que vestuario: es sentimiento, arte y cultura. Nuestro compromiso es vestir tus momentos más especiales con piezas únicas y memorables.%22&#8243; _builder_version=»4.25.1&#8243; _module_preset=»862ef207-617a-4edb-b9e1-5462a7cfd864&#8243; title_font=»Cormorant Garamond|500|on||||||» custom_margin=»||10px||false|false» locked=»off» global_colors_info=»{}» theme_builder_area=»post_content»][/et_pb_heading][/et_pb_column][/et_pb_row][/et_pb_section]</p>

<p>De los talleres a las ferias, nuestra costura artesanal invita a cada persona a mostrar su esencia con elegancia y autenticidadCada prenda cuenta una historia única, cosida con dedicación y respeto por la tradición. La confección a medida nos permite cuidar cada detalle, desde el primer boceto hasta la última puntada. Nuestro taller es un [&hellip;]</p>
